{"id":83,"date":"2022-03-31T14:27:03","date_gmt":"2022-03-31T12:27:03","guid":{"rendered":"http:\/\/vonchrupek.com\/?page_id=83"},"modified":"2022-04-05T14:09:43","modified_gmt":"2022-04-05T12:09:43","slug":"kwiat-instalacja","status":"publish","type":"page","link":"https:\/\/vonchrupek.com\/index.php\/kwiat-instalacja\/","title":{"rendered":"Kwiat"},"content":{"rendered":"\n<p class=\"has-small-font-size\"><em>installation (2019), Niefestiwal- Moja Wolno\u015b\u0107, siz<\/em>e: 220 cm x 170 cm x 150 cm<\/p>\n\n\n\n<p class=\"has-small-font-size\">Installation created for the purposes of Niefestiwal organized by CSW \u0141a\u017ania in Gda\u0144sk. The main theme was a notion of freedom in its different shades. Read more <a href=\"http:\/\/vonchrupek.com\/files\/mojawolnosc.pdf\">here <\/a>(only Polish version).<\/p>\n\n\n<div class=\"wp-block-visual-portfolio\">\n<div class=\"vp-portfolio vp-uid-1d572db8 vp-id-Z1mkIKB\"\n\tdata-vp-layout=\"justified\" data-vp-content-source=\"images\" data-vp-items-style=\"fade\" data-vp-items-click-action=\"popup_gallery\" data-vp-items-gap=\"15\" data-vp-items-gap-vertical=\"\" data-vp-pagination=\"load-more\" data-vp-next-page-url=\"\" data-vp-justified-row-height=\"200\" data-vp-justified-row-height-tolerance=\"0.25\" data-vp-justified-max-rows-count=\"0\" data-vp-justified-last-row=\"left\" >\n\t<div class=\"vp-portfolio__preloader-wrap\">\n\t\t<div class=\"vp-portfolio__preloader\">\n\t\t\t<img decoding=\"async\" loading=\"eager\" src=\"https:\/\/vonchrupek.com\/wp-content\/plugins\/visual-portfolio\/assets\/images\/logo-dark.svg\" alt=\"Visual Portfolio, Posts &amp; Image Gallery for WordPress\" width=\"20\" height=\"20\" data-skip-lazy>\n\t\t<\/div>\n\t<\/div>\n\t\t<div class=\"vp-portfolio__items-wrap\">\n\t\t\t\n<div class=\"vp-portfolio__items vp-portfolio__items-style-fade vp-portfolio__items-show-overlay-hover\">\n\n\t\t<div\t\tclass=\"vp-portfolio__item-wrap vp-portfolio__item-uid-07ebf189\" data-vp-filter=\"\" \t\t>\n\t\t\t<template class=\"vp-portfolio__item-popup\" data-vp-popup-img=\"https:\/\/vonchrupek.com\/wp-content\/uploads\/2022\/03\/MG_0509_1000.jpg\" data-vp-popup-img-srcset=\"https:\/\/vonchrupek.com\/wp-content\/uploads\/2022\/03\/MG_0509_1000.jpg 1000w, https:\/\/vonchrupek.com\/wp-content\/uploads\/2022\/03\/MG_0509_1000-200x300.jpg 200w, https:\/\/vonchrupek.com\/wp-content\/uploads\/2022\/03\/MG_0509_1000-683x1024.jpg 683w, https:\/\/vonchrupek.com\/wp-content\/uploads\/2022\/03\/MG_0509_1000-768x1152.jpg 768w, https:\/\/vonchrupek.com\/wp-content\/uploads\/2022\/03\/MG_0509_1000-500x750.jpg 500w, https:\/\/vonchrupek.com\/wp-content\/uploads\/2022\/03\/MG_0509_1000-800x1200.jpg 800w\" data-vp-popup-img-size=\"1000x1500\" data-vp-popup-md-img=\"https:\/\/vonchrupek.com\/wp-content\/uploads\/2022\/03\/MG_0509_1000-800x1200.jpg\" data-vp-popup-md-img-size=\"800x1200\" data-vp-popup-sm-img=\"https:\/\/vonchrupek.com\/wp-content\/uploads\/2022\/03\/MG_0509_1000-500x750.jpg\" data-vp-popup-sm-img-size=\"500x750\">\n\t<\/template>\n\t\t\t\t\t\t<figure class=\"vp-portfolio__item\">\n\t\t\t\t\n<div class=\"vp-portfolio__item-img-wrap\">\n\t<div class=\"vp-portfolio__item-img\">\n\t\t\t<a\n\t\thref=\"https:\/\/vonchrupek.com\/wp-content\/uploads\/2022\/03\/MG_0509_1000.jpg\"\n\t\t\t>\n\t\n\t\t<noscript><img loading=\"lazy\" decoding=\"async\" width=\"1000\" height=\"1500\" data-skip-lazy src=\"https:\/\/vonchrupek.com\/wp-content\/uploads\/2022\/03\/MG_0509_1000.jpg\" class=\"wp-image-209\" alt=\"\" srcset=\"https:\/\/vonchrupek.com\/wp-content\/uploads\/2022\/03\/MG_0509_1000.jpg 1000w, https:\/\/vonchrupek.com\/wp-content\/uploads\/2022\/03\/MG_0509_1000-200x300.jpg 200w, https:\/\/vonchrupek.com\/wp-content\/uploads\/2022\/03\/MG_0509_1000-683x1024.jpg 683w, https:\/\/vonchrupek.com\/wp-content\/uploads\/2022\/03\/MG_0509_1000-768x1152.jpg 768w, https:\/\/vonchrupek.com\/wp-content\/uploads\/2022\/03\/MG_0509_1000-500x750.jpg 500w, https:\/\/vonchrupek.com\/wp-content\/uploads\/2022\/03\/MG_0509_1000-800x1200.jpg 800w\" sizes=\"auto, (max-width: 1000px) 100vw, 1000px\" \/><\/noscript><img fetchpriority=\"high\" decoding=\"async\" width=\"1000\" height=\"1500\" src=\"https:\/\/vonchrupek.com\/wp-content\/uploads\/2022\/03\/MG_0509_1000.jpg\" class=\"wp-image-209 vp-lazyload\" alt srcset=\"data:image\/svg+xml;base64,PHN2ZyB3aWR0aD0iMTAwMCIgaGVpZ2h0PSIxNTAwIiB2aWV3Qm94PSIwIDAgMTAwMCAxNTAwIiBmaWxsPSJub25lIiB4bWxucz0iaHR0cDovL3d3dy53My5vcmcvMjAwMC9zdmciPjwvc3ZnPg==\" data-src=\"https:\/\/vonchrupek.com\/wp-content\/uploads\/2022\/03\/MG_0509_1000.jpg\" data-srcset=\"https:\/\/vonchrupek.com\/wp-content\/uploads\/2022\/03\/MG_0509_1000.jpg 1000w, https:\/\/vonchrupek.com\/wp-content\/uploads\/2022\/03\/MG_0509_1000-200x300.jpg 200w, https:\/\/vonchrupek.com\/wp-content\/uploads\/2022\/03\/MG_0509_1000-683x1024.jpg 683w, https:\/\/vonchrupek.com\/wp-content\/uploads\/2022\/03\/MG_0509_1000-768x1152.jpg 768w, https:\/\/vonchrupek.com\/wp-content\/uploads\/2022\/03\/MG_0509_1000-500x750.jpg 500w, https:\/\/vonchrupek.com\/wp-content\/uploads\/2022\/03\/MG_0509_1000-800x1200.jpg 800w\" data-sizes=\"auto\" loading=\"eager\">\n\t\t<\/a>\t<\/div>\n<\/div>\n\t<div class=\"vp-portfolio__item-overlay\">\n\t\t\t<a\n\t\thref=\"https:\/\/vonchrupek.com\/wp-content\/uploads\/2022\/03\/MG_0509_1000.jpg\"\n\t\ttabindex=\"-1\" class=\"vp-portfolio__item-meta\" \t>\n\t\t\t<\/a>\t<\/div>\n\t\t\t\t<\/figure>\n\t\t\t\t\t<\/div>\n\t\t\n\t\t<div\t\tclass=\"vp-portfolio__item-wrap vp-portfolio__item-uid-c850a67a\" data-vp-filter=\"\" \t\t>\n\t\t\t<template class=\"vp-portfolio__item-popup\" data-vp-popup-img=\"https:\/\/vonchrupek.com\/wp-content\/uploads\/2022\/03\/MG_0548_1000.jpg\" data-vp-popup-img-srcset=\"https:\/\/vonchrupek.com\/wp-content\/uploads\/2022\/03\/MG_0548_1000.jpg 1000w, https:\/\/vonchrupek.com\/wp-content\/uploads\/2022\/03\/MG_0548_1000-300x200.jpg 300w, https:\/\/vonchrupek.com\/wp-content\/uploads\/2022\/03\/MG_0548_1000-768x512.jpg 768w, https:\/\/vonchrupek.com\/wp-content\/uploads\/2022\/03\/MG_0548_1000-500x334.jpg 500w, https:\/\/vonchrupek.com\/wp-content\/uploads\/2022\/03\/MG_0548_1000-800x534.jpg 800w\" data-vp-popup-img-size=\"1000x667\" data-vp-popup-md-img=\"https:\/\/vonchrupek.com\/wp-content\/uploads\/2022\/03\/MG_0548_1000-800x534.jpg\" data-vp-popup-md-img-size=\"800x534\" data-vp-popup-sm-img=\"https:\/\/vonchrupek.com\/wp-content\/uploads\/2022\/03\/MG_0548_1000-500x334.jpg\" data-vp-popup-sm-img-size=\"500x334\">\n\t<\/template>\n\t\t\t\t\t\t<figure class=\"vp-portfolio__item\">\n\t\t\t\t\n<div class=\"vp-portfolio__item-img-wrap\">\n\t<div class=\"vp-portfolio__item-img\">\n\t\t\t<a\n\t\thref=\"https:\/\/vonchrupek.com\/wp-content\/uploads\/2022\/03\/MG_0548_1000.jpg\"\n\t\t\t>\n\t\n\t\t<noscript><img loading=\"lazy\" decoding=\"async\" width=\"1000\" height=\"667\" data-skip-lazy src=\"https:\/\/vonchrupek.com\/wp-content\/uploads\/2022\/03\/MG_0548_1000.jpg\" class=\"wp-image-208\" alt=\"\" srcset=\"https:\/\/vonchrupek.com\/wp-content\/uploads\/2022\/03\/MG_0548_1000.jpg 1000w, https:\/\/vonchrupek.com\/wp-content\/uploads\/2022\/03\/MG_0548_1000-300x200.jpg 300w, https:\/\/vonchrupek.com\/wp-content\/uploads\/2022\/03\/MG_0548_1000-768x512.jpg 768w, https:\/\/vonchrupek.com\/wp-content\/uploads\/2022\/03\/MG_0548_1000-500x334.jpg 500w, https:\/\/vonchrupek.com\/wp-content\/uploads\/2022\/03\/MG_0548_1000-800x534.jpg 800w\" sizes=\"auto, (max-width: 1000px) 100vw, 1000px\" \/><\/noscript><img decoding=\"async\" width=\"1000\" height=\"667\" src=\"https:\/\/vonchrupek.com\/wp-content\/uploads\/2022\/03\/MG_0548_1000.jpg\" class=\"wp-image-208 vp-lazyload\" alt srcset=\"data:image\/svg+xml;base64,PHN2ZyB3aWR0aD0iMTAwMCIgaGVpZ2h0PSI2NjciIHZpZXdCb3g9IjAgMCAxMDAwIDY2NyIgZmlsbD0ibm9uZSIgeG1sbnM9Imh0dHA6Ly93d3cudzMub3JnLzIwMDAvc3ZnIj48L3N2Zz4=\" data-src=\"https:\/\/vonchrupek.com\/wp-content\/uploads\/2022\/03\/MG_0548_1000.jpg\" data-srcset=\"https:\/\/vonchrupek.com\/wp-content\/uploads\/2022\/03\/MG_0548_1000.jpg 1000w, https:\/\/vonchrupek.com\/wp-content\/uploads\/2022\/03\/MG_0548_1000-300x200.jpg 300w, https:\/\/vonchrupek.com\/wp-content\/uploads\/2022\/03\/MG_0548_1000-768x512.jpg 768w, https:\/\/vonchrupek.com\/wp-content\/uploads\/2022\/03\/MG_0548_1000-500x334.jpg 500w, https:\/\/vonchrupek.com\/wp-content\/uploads\/2022\/03\/MG_0548_1000-800x534.jpg 800w\" data-sizes=\"auto\" loading=\"eager\">\n\t\t<\/a>\t<\/div>\n<\/div>\n\t<div class=\"vp-portfolio__item-overlay\">\n\t\t\t<a\n\t\thref=\"https:\/\/vonchrupek.com\/wp-content\/uploads\/2022\/03\/MG_0548_1000.jpg\"\n\t\ttabindex=\"-1\" class=\"vp-portfolio__item-meta\" \t>\n\t\t\t<\/a>\t<\/div>\n\t\t\t\t<\/figure>\n\t\t\t\t\t<\/div>\n\t\t\n\t\t<div\t\tclass=\"vp-portfolio__item-wrap vp-portfolio__item-uid-4a5a1405\" data-vp-filter=\"\" \t\t>\n\t\t\t<template class=\"vp-portfolio__item-popup\" data-vp-popup-img=\"https:\/\/vonchrupek.com\/wp-content\/uploads\/2022\/03\/MG_0344_900shr.jpg\" data-vp-popup-img-srcset=\"https:\/\/vonchrupek.com\/wp-content\/uploads\/2022\/03\/MG_0344_900shr.jpg 900w, https:\/\/vonchrupek.com\/wp-content\/uploads\/2022\/03\/MG_0344_900shr-300x200.jpg 300w, https:\/\/vonchrupek.com\/wp-content\/uploads\/2022\/03\/MG_0344_900shr-768x512.jpg 768w, https:\/\/vonchrupek.com\/wp-content\/uploads\/2022\/03\/MG_0344_900shr-500x333.jpg 500w, https:\/\/vonchrupek.com\/wp-content\/uploads\/2022\/03\/MG_0344_900shr-800x533.jpg 800w\" data-vp-popup-img-size=\"900x600\" data-vp-popup-md-img=\"https:\/\/vonchrupek.com\/wp-content\/uploads\/2022\/03\/MG_0344_900shr-800x533.jpg\" data-vp-popup-md-img-size=\"800x533\" data-vp-popup-sm-img=\"https:\/\/vonchrupek.com\/wp-content\/uploads\/2022\/03\/MG_0344_900shr-500x333.jpg\" data-vp-popup-sm-img-size=\"500x333\">\n\t<\/template>\n\t\t\t\t\t\t<figure class=\"vp-portfolio__item\">\n\t\t\t\t\n<div class=\"vp-portfolio__item-img-wrap\">\n\t<div class=\"vp-portfolio__item-img\">\n\t\t\t<a\n\t\thref=\"https:\/\/vonchrupek.com\/wp-content\/uploads\/2022\/03\/MG_0344_900shr.jpg\"\n\t\t\t>\n\t\n\t\t<noscript><img loading=\"lazy\" decoding=\"async\" width=\"900\" height=\"600\" data-skip-lazy src=\"https:\/\/vonchrupek.com\/wp-content\/uploads\/2022\/03\/MG_0344_900shr.jpg\" class=\"wp-image-207\" alt=\"\" srcset=\"https:\/\/vonchrupek.com\/wp-content\/uploads\/2022\/03\/MG_0344_900shr.jpg 900w, https:\/\/vonchrupek.com\/wp-content\/uploads\/2022\/03\/MG_0344_900shr-300x200.jpg 300w, https:\/\/vonchrupek.com\/wp-content\/uploads\/2022\/03\/MG_0344_900shr-768x512.jpg 768w, https:\/\/vonchrupek.com\/wp-content\/uploads\/2022\/03\/MG_0344_900shr-500x333.jpg 500w, https:\/\/vonchrupek.com\/wp-content\/uploads\/2022\/03\/MG_0344_900shr-800x533.jpg 800w\" sizes=\"auto, (max-width: 900px) 100vw, 900px\" \/><\/noscript><img decoding=\"async\" width=\"900\" height=\"600\" src=\"https:\/\/vonchrupek.com\/wp-content\/uploads\/2022\/03\/MG_0344_900shr.jpg\" class=\"wp-image-207 vp-lazyload\" alt srcset=\"data:image\/svg+xml;base64,PHN2ZyB3aWR0aD0iOTAwIiBoZWlnaHQ9IjYwMCIgdmlld0JveD0iMCAwIDkwMCA2MDAiIGZpbGw9Im5vbmUiIHhtbG5zPSJodHRwOi8vd3d3LnczLm9yZy8yMDAwL3N2ZyI+PC9zdmc+\" data-src=\"https:\/\/vonchrupek.com\/wp-content\/uploads\/2022\/03\/MG_0344_900shr.jpg\" data-srcset=\"https:\/\/vonchrupek.com\/wp-content\/uploads\/2022\/03\/MG_0344_900shr.jpg 900w, https:\/\/vonchrupek.com\/wp-content\/uploads\/2022\/03\/MG_0344_900shr-300x200.jpg 300w, https:\/\/vonchrupek.com\/wp-content\/uploads\/2022\/03\/MG_0344_900shr-768x512.jpg 768w, https:\/\/vonchrupek.com\/wp-content\/uploads\/2022\/03\/MG_0344_900shr-500x333.jpg 500w, https:\/\/vonchrupek.com\/wp-content\/uploads\/2022\/03\/MG_0344_900shr-800x533.jpg 800w\" data-sizes=\"auto\" loading=\"eager\">\n\t\t<\/a>\t<\/div>\n<\/div>\n\t<div class=\"vp-portfolio__item-overlay\">\n\t\t\t<a\n\t\thref=\"https:\/\/vonchrupek.com\/wp-content\/uploads\/2022\/03\/MG_0344_900shr.jpg\"\n\t\ttabindex=\"-1\" class=\"vp-portfolio__item-meta\" \t>\n\t\t\t<\/a>\t<\/div>\n\t\t\t\t<\/figure>\n\t\t\t\t\t<\/div>\n\t\t\n<\/div>\n\t\t<\/div>\n\t\t\n<\/div>\n<\/div>\n\n\n<p><\/p>\n","protected":false},"excerpt":{"rendered":"<p>installation (2019), Niefestiwal- Moja Wolno\u015b\u0107, size: 220 cm x 170 cm x 150 cm Installation created for the purposes of Niefestiwal organized by CSW \u0141a\u017ania in Gda\u0144sk. The main theme was a notion of freedom in its different shades. Read more here (only Polish version).<\/p>\n","protected":false},"author":1,"featured_media":0,"parent":0,"menu_order":0,"comment_status":"closed","ping_status":"closed","template":"","meta":{"_vp_format_video_url":"","_vp_image_focal_point":[],"footnotes":""},"class_list":["post-83","page","type-page","status-publish","hentry"],"_links":{"self":[{"href":"https:\/\/vonchrupek.com\/index.php\/wp-json\/wp\/v2\/pages\/83","targetHints":{"allow":["GET"]}}],"collection":[{"href":"https:\/\/vonchrupek.com\/index.php\/wp-json\/wp\/v2\/pages"}],"about":[{"href":"https:\/\/vonchrupek.com\/index.php\/wp-json\/wp\/v2\/types\/page"}],"author":[{"embeddable":true,"href":"https:\/\/vonchrupek.com\/index.php\/wp-json\/wp\/v2\/users\/1"}],"replies":[{"embeddable":true,"href":"https:\/\/vonchrupek.com\/index.php\/wp-json\/wp\/v2\/comments?post=83"}],"version-history":[{"count":10,"href":"https:\/\/vonchrupek.com\/index.php\/wp-json\/wp\/v2\/pages\/83\/revisions"}],"predecessor-version":[{"id":872,"href":"https:\/\/vonchrupek.com\/index.php\/wp-json\/wp\/v2\/pages\/83\/revisions\/872"}],"wp:attachment":[{"href":"https:\/\/vonchrupek.com\/index.php\/wp-json\/wp\/v2\/media?parent=83"}],"curies":[{"name":"wp","href":"https:\/\/api.w.org\/{rel}","templated":true}]}}