{"id":61,"date":"2022-03-31T14:07:22","date_gmt":"2022-03-31T12:07:22","guid":{"rendered":"http:\/\/vonchrupek.com\/?page_id=61"},"modified":"2022-04-05T14:12:06","modified_gmt":"2022-04-05T12:12:06","slug":"przekroj","status":"publish","type":"page","link":"https:\/\/vonchrupek.com\/index.php\/przekroj\/","title":{"rendered":"Przekr\u00f3j"},"content":{"rendered":"\n<p class=\"has-small-font-size\"><em>installation for a shopwindow display for &#8220;Przekr\u00f3j&#8221; (2018)<\/em><\/p>\n\n\n\n<p class=\"has-small-font-size\">Shopwindow display for a magazine <a href=\"http:\/\/www.przekroj.pl\">&#8220;Przekr\u00f3j&#8221; <\/a>. Two locations: Ksi\u0119garnia Prusa, Krakowskie Przedmie\u015bcie St 7, Warsaw and Ksi\u0119garnia &#8220;Pod Globusem&#8221;, D\u0142uga St, Cracow in 2018.<\/p>\n\n\n<div class=\"wp-block-visual-portfolio\">\n<div class=\"vp-portfolio vp-uid-c11d4446 vp-id-Z1SDxB5\"\n\tdata-vp-layout=\"justified\" data-vp-content-source=\"images\" data-vp-items-style=\"default\" data-vp-items-click-action=\"popup_gallery\" data-vp-items-gap=\"15\" data-vp-items-gap-vertical=\"\" data-vp-pagination=\"load-more\" data-vp-next-page-url=\"\" data-vp-justified-row-height=\"154\" data-vp-justified-row-height-tolerance=\"0.25\" data-vp-justified-max-rows-count=\"0\" data-vp-justified-last-row=\"left\" >\n\t<div class=\"vp-portfolio__preloader-wrap\">\n\t\t<div class=\"vp-portfolio__preloader\">\n\t\t\t<img decoding=\"async\" loading=\"eager\" src=\"https:\/\/vonchrupek.com\/wp-content\/plugins\/visual-portfolio\/assets\/images\/logo-dark.svg\" alt=\"Visual Portfolio, Posts &amp; Image Gallery for WordPress\" width=\"20\" height=\"20\" data-skip-lazy>\n\t\t<\/div>\n\t<\/div>\n\t\t<div class=\"vp-portfolio__items-wrap\">\n\t\t\t\n<div class=\"vp-portfolio__items vp-portfolio__items-style-default vp-portfolio__items-show-overlay-hover\">\n\n\t\t<div\t\tclass=\"vp-portfolio__item-wrap vp-portfolio__item-uid-faa85564\" data-vp-filter=\"\" \t\t>\n\t\t\t<template class=\"vp-portfolio__item-popup\" data-vp-popup-img=\"https:\/\/vonchrupek.com\/wp-content\/uploads\/2022\/03\/MG_1056_1200.jpg\" data-vp-popup-img-srcset=\"https:\/\/vonchrupek.com\/wp-content\/uploads\/2022\/03\/MG_1056_1200.jpg 1200w, https:\/\/vonchrupek.com\/wp-content\/uploads\/2022\/03\/MG_1056_1200-200x300.jpg 200w, https:\/\/vonchrupek.com\/wp-content\/uploads\/2022\/03\/MG_1056_1200-683x1024.jpg 683w, https:\/\/vonchrupek.com\/wp-content\/uploads\/2022\/03\/MG_1056_1200-768x1152.jpg 768w, https:\/\/vonchrupek.com\/wp-content\/uploads\/2022\/03\/MG_1056_1200-1024x1536.jpg 1024w, https:\/\/vonchrupek.com\/wp-content\/uploads\/2022\/03\/MG_1056_1200-500x750.jpg 500w, https:\/\/vonchrupek.com\/wp-content\/uploads\/2022\/03\/MG_1056_1200-800x1200.jpg 800w\" data-vp-popup-img-size=\"1200x1800\" data-vp-popup-md-img=\"https:\/\/vonchrupek.com\/wp-content\/uploads\/2022\/03\/MG_1056_1200-800x1200.jpg\" data-vp-popup-md-img-size=\"800x1200\" data-vp-popup-sm-img=\"https:\/\/vonchrupek.com\/wp-content\/uploads\/2022\/03\/MG_1056_1200-500x750.jpg\" data-vp-popup-sm-img-size=\"500x750\">\n\t<\/template>\n\t\t\t\t\t\t<figure class=\"vp-portfolio__item\">\n\t\t\t\t\n<div class=\"vp-portfolio__item-img-wrap\">\n\t<div class=\"vp-portfolio__item-img\">\n\t\t\t<a\n\t\thref=\"https:\/\/vonchrupek.com\/wp-content\/uploads\/2022\/03\/MG_1056_1200.jpg\"\n\t\t\t>\n\t\n\t\t<noscript><img loading=\"lazy\" decoding=\"async\" width=\"1200\" height=\"1800\" data-skip-lazy src=\"https:\/\/vonchrupek.com\/wp-content\/uploads\/2022\/03\/MG_1056_1200.jpg\" class=\"wp-image-413\" alt=\"\" srcset=\"https:\/\/vonchrupek.com\/wp-content\/uploads\/2022\/03\/MG_1056_1200.jpg 1200w, https:\/\/vonchrupek.com\/wp-content\/uploads\/2022\/03\/MG_1056_1200-200x300.jpg 200w, https:\/\/vonchrupek.com\/wp-content\/uploads\/2022\/03\/MG_1056_1200-683x1024.jpg 683w, https:\/\/vonchrupek.com\/wp-content\/uploads\/2022\/03\/MG_1056_1200-768x1152.jpg 768w, https:\/\/vonchrupek.com\/wp-content\/uploads\/2022\/03\/MG_1056_1200-1024x1536.jpg 1024w, https:\/\/vonchrupek.com\/wp-content\/uploads\/2022\/03\/MG_1056_1200-500x750.jpg 500w, https:\/\/vonchrupek.com\/wp-content\/uploads\/2022\/03\/MG_1056_1200-800x1200.jpg 800w\" sizes=\"auto, (max-width: 1200px) 100vw, 1200px\" \/><\/noscript><img fetchpriority=\"high\" decoding=\"async\" width=\"1200\" height=\"1800\" src=\"https:\/\/vonchrupek.com\/wp-content\/uploads\/2022\/03\/MG_1056_1200.jpg\" class=\"wp-image-413 vp-lazyload\" alt srcset=\"data:image\/svg+xml;base64,PHN2ZyB3aWR0aD0iMTIwMCIgaGVpZ2h0PSIxODAwIiB2aWV3Qm94PSIwIDAgMTIwMCAxODAwIiBmaWxsPSJub25lIiB4bWxucz0iaHR0cDovL3d3dy53My5vcmcvMjAwMC9zdmciPjwvc3ZnPg==\" data-src=\"https:\/\/vonchrupek.com\/wp-content\/uploads\/2022\/03\/MG_1056_1200.jpg\" data-srcset=\"https:\/\/vonchrupek.com\/wp-content\/uploads\/2022\/03\/MG_1056_1200.jpg 1200w, https:\/\/vonchrupek.com\/wp-content\/uploads\/2022\/03\/MG_1056_1200-200x300.jpg 200w, https:\/\/vonchrupek.com\/wp-content\/uploads\/2022\/03\/MG_1056_1200-683x1024.jpg 683w, https:\/\/vonchrupek.com\/wp-content\/uploads\/2022\/03\/MG_1056_1200-768x1152.jpg 768w, https:\/\/vonchrupek.com\/wp-content\/uploads\/2022\/03\/MG_1056_1200-1024x1536.jpg 1024w, https:\/\/vonchrupek.com\/wp-content\/uploads\/2022\/03\/MG_1056_1200-500x750.jpg 500w, https:\/\/vonchrupek.com\/wp-content\/uploads\/2022\/03\/MG_1056_1200-800x1200.jpg 800w\" data-sizes=\"auto\" loading=\"eager\">\n\t\t<div class=\"vp-portfolio__item-overlay\">\n\t\t\t\t\t<\/div>\n\n\t\t<\/a>\t<\/div>\n<\/div>\n\n\t\t\t<\/figure>\n\t\t\t\t\t<\/div>\n\t\t\n\t\t<div\t\tclass=\"vp-portfolio__item-wrap vp-portfolio__item-uid-35130297\" data-vp-filter=\"\" \t\t>\n\t\t\t<template class=\"vp-portfolio__item-popup\" data-vp-popup-img=\"https:\/\/vonchrupek.com\/wp-content\/uploads\/2022\/03\/MG_0994_1200.jpg\" data-vp-popup-img-srcset=\"https:\/\/vonchrupek.com\/wp-content\/uploads\/2022\/03\/MG_0994_1200.jpg 1200w, https:\/\/vonchrupek.com\/wp-content\/uploads\/2022\/03\/MG_0994_1200-300x200.jpg 300w, https:\/\/vonchrupek.com\/wp-content\/uploads\/2022\/03\/MG_0994_1200-1024x683.jpg 1024w, https:\/\/vonchrupek.com\/wp-content\/uploads\/2022\/03\/MG_0994_1200-768x512.jpg 768w, https:\/\/vonchrupek.com\/wp-content\/uploads\/2022\/03\/MG_0994_1200-500x333.jpg 500w, https:\/\/vonchrupek.com\/wp-content\/uploads\/2022\/03\/MG_0994_1200-800x533.jpg 800w\" data-vp-popup-img-size=\"1200x800\" data-vp-popup-md-img=\"https:\/\/vonchrupek.com\/wp-content\/uploads\/2022\/03\/MG_0994_1200-800x533.jpg\" data-vp-popup-md-img-size=\"800x533\" data-vp-popup-sm-img=\"https:\/\/vonchrupek.com\/wp-content\/uploads\/2022\/03\/MG_0994_1200-500x333.jpg\" data-vp-popup-sm-img-size=\"500x333\">\n\t<\/template>\n\t\t\t\t\t\t<figure class=\"vp-portfolio__item\">\n\t\t\t\t\n<div class=\"vp-portfolio__item-img-wrap\">\n\t<div class=\"vp-portfolio__item-img\">\n\t\t\t<a\n\t\thref=\"https:\/\/vonchrupek.com\/wp-content\/uploads\/2022\/03\/MG_0994_1200.jpg\"\n\t\t\t>\n\t\n\t\t<noscript><img loading=\"lazy\" decoding=\"async\" width=\"1200\" height=\"800\" data-skip-lazy src=\"https:\/\/vonchrupek.com\/wp-content\/uploads\/2022\/03\/MG_0994_1200.jpg\" class=\"wp-image-412\" alt=\"\" srcset=\"https:\/\/vonchrupek.com\/wp-content\/uploads\/2022\/03\/MG_0994_1200.jpg 1200w, https:\/\/vonchrupek.com\/wp-content\/uploads\/2022\/03\/MG_0994_1200-300x200.jpg 300w, https:\/\/vonchrupek.com\/wp-content\/uploads\/2022\/03\/MG_0994_1200-1024x683.jpg 1024w, https:\/\/vonchrupek.com\/wp-content\/uploads\/2022\/03\/MG_0994_1200-768x512.jpg 768w, https:\/\/vonchrupek.com\/wp-content\/uploads\/2022\/03\/MG_0994_1200-500x333.jpg 500w, https:\/\/vonchrupek.com\/wp-content\/uploads\/2022\/03\/MG_0994_1200-800x533.jpg 800w\" sizes=\"auto, (max-width: 1200px) 100vw, 1200px\" \/><\/noscript><img decoding=\"async\" width=\"1200\" height=\"800\" src=\"https:\/\/vonchrupek.com\/wp-content\/uploads\/2022\/03\/MG_0994_1200.jpg\" class=\"wp-image-412 vp-lazyload\" alt srcset=\"data:image\/svg+xml;base64,PHN2ZyB3aWR0aD0iMTIwMCIgaGVpZ2h0PSI4MDAiIHZpZXdCb3g9IjAgMCAxMjAwIDgwMCIgZmlsbD0ibm9uZSIgeG1sbnM9Imh0dHA6Ly93d3cudzMub3JnLzIwMDAvc3ZnIj48L3N2Zz4=\" data-src=\"https:\/\/vonchrupek.com\/wp-content\/uploads\/2022\/03\/MG_0994_1200.jpg\" data-srcset=\"https:\/\/vonchrupek.com\/wp-content\/uploads\/2022\/03\/MG_0994_1200.jpg 1200w, https:\/\/vonchrupek.com\/wp-content\/uploads\/2022\/03\/MG_0994_1200-300x200.jpg 300w, https:\/\/vonchrupek.com\/wp-content\/uploads\/2022\/03\/MG_0994_1200-1024x683.jpg 1024w, https:\/\/vonchrupek.com\/wp-content\/uploads\/2022\/03\/MG_0994_1200-768x512.jpg 768w, https:\/\/vonchrupek.com\/wp-content\/uploads\/2022\/03\/MG_0994_1200-500x333.jpg 500w, https:\/\/vonchrupek.com\/wp-content\/uploads\/2022\/03\/MG_0994_1200-800x533.jpg 800w\" data-sizes=\"auto\" loading=\"eager\">\n\t\t<div class=\"vp-portfolio__item-overlay\">\n\t\t\t\t\t<\/div>\n\n\t\t<\/a>\t<\/div>\n<\/div>\n\n\t\t\t<\/figure>\n\t\t\t\t\t<\/div>\n\t\t\n\t\t<div\t\tclass=\"vp-portfolio__item-wrap vp-portfolio__item-uid-57cc59f6\" data-vp-filter=\"\" \t\t>\n\t\t\t<template class=\"vp-portfolio__item-popup\" data-vp-popup-img=\"https:\/\/vonchrupek.com\/wp-content\/uploads\/2022\/03\/MG_8949_1200.jpg\" data-vp-popup-img-srcset=\"https:\/\/vonchrupek.com\/wp-content\/uploads\/2022\/03\/MG_8949_1200.jpg 1200w, https:\/\/vonchrupek.com\/wp-content\/uploads\/2022\/03\/MG_8949_1200-200x300.jpg 200w, https:\/\/vonchrupek.com\/wp-content\/uploads\/2022\/03\/MG_8949_1200-683x1024.jpg 683w, https:\/\/vonchrupek.com\/wp-content\/uploads\/2022\/03\/MG_8949_1200-768x1152.jpg 768w, https:\/\/vonchrupek.com\/wp-content\/uploads\/2022\/03\/MG_8949_1200-1024x1536.jpg 1024w, https:\/\/vonchrupek.com\/wp-content\/uploads\/2022\/03\/MG_8949_1200-500x750.jpg 500w, https:\/\/vonchrupek.com\/wp-content\/uploads\/2022\/03\/MG_8949_1200-800x1200.jpg 800w\" data-vp-popup-img-size=\"1200x1800\" data-vp-popup-md-img=\"https:\/\/vonchrupek.com\/wp-content\/uploads\/2022\/03\/MG_8949_1200-800x1200.jpg\" data-vp-popup-md-img-size=\"800x1200\" data-vp-popup-sm-img=\"https:\/\/vonchrupek.com\/wp-content\/uploads\/2022\/03\/MG_8949_1200-500x750.jpg\" data-vp-popup-sm-img-size=\"500x750\">\n\t\t\t<h3 class=\"vp-portfolio__item-popup-title\">_MG_8949_1200<\/h3>\n\t\t<\/template>\n\t\t\t\t\t\t<figure class=\"vp-portfolio__item\">\n\t\t\t\t\n<div class=\"vp-portfolio__item-img-wrap\">\n\t<div class=\"vp-portfolio__item-img\">\n\t\t\t<a\n\t\thref=\"https:\/\/vonchrupek.com\/wp-content\/uploads\/2022\/03\/MG_8949_1200.jpg\"\n\t\t\t>\n\t\n\t\t<noscript><img loading=\"lazy\" decoding=\"async\" width=\"1200\" height=\"1800\" data-skip-lazy src=\"https:\/\/vonchrupek.com\/wp-content\/uploads\/2022\/03\/MG_8949_1200.jpg\" class=\"wp-image-417\" alt=\"\" srcset=\"https:\/\/vonchrupek.com\/wp-content\/uploads\/2022\/03\/MG_8949_1200.jpg 1200w, https:\/\/vonchrupek.com\/wp-content\/uploads\/2022\/03\/MG_8949_1200-200x300.jpg 200w, https:\/\/vonchrupek.com\/wp-content\/uploads\/2022\/03\/MG_8949_1200-683x1024.jpg 683w, https:\/\/vonchrupek.com\/wp-content\/uploads\/2022\/03\/MG_8949_1200-768x1152.jpg 768w, https:\/\/vonchrupek.com\/wp-content\/uploads\/2022\/03\/MG_8949_1200-1024x1536.jpg 1024w, https:\/\/vonchrupek.com\/wp-content\/uploads\/2022\/03\/MG_8949_1200-500x750.jpg 500w, https:\/\/vonchrupek.com\/wp-content\/uploads\/2022\/03\/MG_8949_1200-800x1200.jpg 800w\" sizes=\"auto, (max-width: 1200px) 100vw, 1200px\" \/><\/noscript><img decoding=\"async\" width=\"1200\" height=\"1800\" src=\"https:\/\/vonchrupek.com\/wp-content\/uploads\/2022\/03\/MG_8949_1200.jpg\" class=\"wp-image-417 vp-lazyload\" alt srcset=\"data:image\/svg+xml;base64,PHN2ZyB3aWR0aD0iMTIwMCIgaGVpZ2h0PSIxODAwIiB2aWV3Qm94PSIwIDAgMTIwMCAxODAwIiBmaWxsPSJub25lIiB4bWxucz0iaHR0cDovL3d3dy53My5vcmcvMjAwMC9zdmciPjwvc3ZnPg==\" data-src=\"https:\/\/vonchrupek.com\/wp-content\/uploads\/2022\/03\/MG_8949_1200.jpg\" data-srcset=\"https:\/\/vonchrupek.com\/wp-content\/uploads\/2022\/03\/MG_8949_1200.jpg 1200w, https:\/\/vonchrupek.com\/wp-content\/uploads\/2022\/03\/MG_8949_1200-200x300.jpg 200w, https:\/\/vonchrupek.com\/wp-content\/uploads\/2022\/03\/MG_8949_1200-683x1024.jpg 683w, https:\/\/vonchrupek.com\/wp-content\/uploads\/2022\/03\/MG_8949_1200-768x1152.jpg 768w, https:\/\/vonchrupek.com\/wp-content\/uploads\/2022\/03\/MG_8949_1200-1024x1536.jpg 1024w, https:\/\/vonchrupek.com\/wp-content\/uploads\/2022\/03\/MG_8949_1200-500x750.jpg 500w, https:\/\/vonchrupek.com\/wp-content\/uploads\/2022\/03\/MG_8949_1200-800x1200.jpg 800w\" data-sizes=\"auto\" loading=\"eager\">\n\t\t<div class=\"vp-portfolio__item-overlay\">\n\t\t\t\t\t<\/div>\n\n\t\t<\/a>\t<\/div>\n<\/div>\n\n\t\t\t<\/figure>\n\t\t\t\t\t<\/div>\n\t\t\n\t\t<div\t\tclass=\"vp-portfolio__item-wrap vp-portfolio__item-uid-7fcf2302\" data-vp-filter=\"\" \t\t>\n\t\t\t<template class=\"vp-portfolio__item-popup\" data-vp-popup-img=\"https:\/\/vonchrupek.com\/wp-content\/uploads\/2022\/03\/MG_8969_1200.jpg\" data-vp-popup-img-srcset=\"https:\/\/vonchrupek.com\/wp-content\/uploads\/2022\/03\/MG_8969_1200.jpg 1200w, https:\/\/vonchrupek.com\/wp-content\/uploads\/2022\/03\/MG_8969_1200-200x300.jpg 200w, https:\/\/vonchrupek.com\/wp-content\/uploads\/2022\/03\/MG_8969_1200-683x1024.jpg 683w, https:\/\/vonchrupek.com\/wp-content\/uploads\/2022\/03\/MG_8969_1200-768x1152.jpg 768w, https:\/\/vonchrupek.com\/wp-content\/uploads\/2022\/03\/MG_8969_1200-1024x1536.jpg 1024w, https:\/\/vonchrupek.com\/wp-content\/uploads\/2022\/03\/MG_8969_1200-500x750.jpg 500w, https:\/\/vonchrupek.com\/wp-content\/uploads\/2022\/03\/MG_8969_1200-800x1200.jpg 800w\" data-vp-popup-img-size=\"1200x1800\" data-vp-popup-md-img=\"https:\/\/vonchrupek.com\/wp-content\/uploads\/2022\/03\/MG_8969_1200-800x1200.jpg\" data-vp-popup-md-img-size=\"800x1200\" data-vp-popup-sm-img=\"https:\/\/vonchrupek.com\/wp-content\/uploads\/2022\/03\/MG_8969_1200-500x750.jpg\" data-vp-popup-sm-img-size=\"500x750\">\n\t\t\t<h3 class=\"vp-portfolio__item-popup-title\">_MG_8969_1200<\/h3>\n\t\t<\/template>\n\t\t\t\t\t\t<figure class=\"vp-portfolio__item\">\n\t\t\t\t\n<div class=\"vp-portfolio__item-img-wrap\">\n\t<div class=\"vp-portfolio__item-img\">\n\t\t\t<a\n\t\thref=\"https:\/\/vonchrupek.com\/wp-content\/uploads\/2022\/03\/MG_8969_1200.jpg\"\n\t\t\t>\n\t\n\t\t<noscript><img loading=\"lazy\" decoding=\"async\" width=\"1200\" height=\"1800\" data-skip-lazy src=\"https:\/\/vonchrupek.com\/wp-content\/uploads\/2022\/03\/MG_8969_1200.jpg\" class=\"wp-image-418\" alt=\"\" srcset=\"https:\/\/vonchrupek.com\/wp-content\/uploads\/2022\/03\/MG_8969_1200.jpg 1200w, https:\/\/vonchrupek.com\/wp-content\/uploads\/2022\/03\/MG_8969_1200-200x300.jpg 200w, https:\/\/vonchrupek.com\/wp-content\/uploads\/2022\/03\/MG_8969_1200-683x1024.jpg 683w, https:\/\/vonchrupek.com\/wp-content\/uploads\/2022\/03\/MG_8969_1200-768x1152.jpg 768w, https:\/\/vonchrupek.com\/wp-content\/uploads\/2022\/03\/MG_8969_1200-1024x1536.jpg 1024w, https:\/\/vonchrupek.com\/wp-content\/uploads\/2022\/03\/MG_8969_1200-500x750.jpg 500w, https:\/\/vonchrupek.com\/wp-content\/uploads\/2022\/03\/MG_8969_1200-800x1200.jpg 800w\" sizes=\"auto, (max-width: 1200px) 100vw, 1200px\" \/><\/noscript><img decoding=\"async\" width=\"1200\" height=\"1800\" src=\"https:\/\/vonchrupek.com\/wp-content\/uploads\/2022\/03\/MG_8969_1200.jpg\" class=\"wp-image-418 vp-lazyload\" alt srcset=\"data:image\/svg+xml;base64,PHN2ZyB3aWR0aD0iMTIwMCIgaGVpZ2h0PSIxODAwIiB2aWV3Qm94PSIwIDAgMTIwMCAxODAwIiBmaWxsPSJub25lIiB4bWxucz0iaHR0cDovL3d3dy53My5vcmcvMjAwMC9zdmciPjwvc3ZnPg==\" data-src=\"https:\/\/vonchrupek.com\/wp-content\/uploads\/2022\/03\/MG_8969_1200.jpg\" data-srcset=\"https:\/\/vonchrupek.com\/wp-content\/uploads\/2022\/03\/MG_8969_1200.jpg 1200w, https:\/\/vonchrupek.com\/wp-content\/uploads\/2022\/03\/MG_8969_1200-200x300.jpg 200w, https:\/\/vonchrupek.com\/wp-content\/uploads\/2022\/03\/MG_8969_1200-683x1024.jpg 683w, https:\/\/vonchrupek.com\/wp-content\/uploads\/2022\/03\/MG_8969_1200-768x1152.jpg 768w, https:\/\/vonchrupek.com\/wp-content\/uploads\/2022\/03\/MG_8969_1200-1024x1536.jpg 1024w, https:\/\/vonchrupek.com\/wp-content\/uploads\/2022\/03\/MG_8969_1200-500x750.jpg 500w, https:\/\/vonchrupek.com\/wp-content\/uploads\/2022\/03\/MG_8969_1200-800x1200.jpg 800w\" data-sizes=\"auto\" loading=\"eager\">\n\t\t<div class=\"vp-portfolio__item-overlay\">\n\t\t\t\t\t<\/div>\n\n\t\t<\/a>\t<\/div>\n<\/div>\n\n\t\t\t<\/figure>\n\t\t\t\t\t<\/div>\n\t\t\n<\/div>\n\t\t<\/div>\n\t\t\n<\/div>\n<\/div>","protected":false},"excerpt":{"rendered":"<p>installation for a shopwindow display for &#8220;Przekr\u00f3j&#8221; (2018) Shopwindow display for a magazine &#8220;Przekr\u00f3j&#8221; . Two locations: Ksi\u0119garnia Prusa, Krakowskie Przedmie\u015bcie St 7, Warsaw and Ksi\u0119garnia &#8220;Pod Globusem&#8221;, D\u0142uga St, Cracow in 2018.<\/p>\n","protected":false},"author":1,"featured_media":0,"parent":0,"menu_order":0,"comment_status":"closed","ping_status":"closed","template":"","meta":{"_vp_format_video_url":"","_vp_image_focal_point":[],"footnotes":""},"class_list":["post-61","page","type-page","status-publish","hentry"],"_links":{"self":[{"href":"https:\/\/vonchrupek.com\/index.php\/wp-json\/wp\/v2\/pages\/61","targetHints":{"allow":["GET"]}}],"collection":[{"href":"https:\/\/vonchrupek.com\/index.php\/wp-json\/wp\/v2\/pages"}],"about":[{"href":"https:\/\/vonchrupek.com\/index.php\/wp-json\/wp\/v2\/types\/page"}],"author":[{"embeddable":true,"href":"https:\/\/vonchrupek.com\/index.php\/wp-json\/wp\/v2\/users\/1"}],"replies":[{"embeddable":true,"href":"https:\/\/vonchrupek.com\/index.php\/wp-json\/wp\/v2\/comments?post=61"}],"version-history":[{"count":9,"href":"https:\/\/vonchrupek.com\/index.php\/wp-json\/wp\/v2\/pages\/61\/revisions"}],"predecessor-version":[{"id":873,"href":"https:\/\/vonchrupek.com\/index.php\/wp-json\/wp\/v2\/pages\/61\/revisions\/873"}],"wp:attachment":[{"href":"https:\/\/vonchrupek.com\/index.php\/wp-json\/wp\/v2\/media?parent=61"}],"curies":[{"name":"wp","href":"https:\/\/api.w.org\/{rel}","templated":true}]}}